{"id":472,"date":"2018-10-09T07:47:44","date_gmt":"2018-10-09T07:47:44","guid":{"rendered":"https:\/\/arenossa.novanet.com.es\/?post_type=product&#038;p=472"},"modified":"2019-09-16T16:42:48","modified_gmt":"2019-09-16T16:42:48","slug":"lamparas-de-techo-para-cirugia-y-diagnostico","status":"publish","type":"product","link":"https:\/\/arenos.es\/?product=lamparas-de-techo-para-cirugia-y-diagnostico","title":{"rendered":"L\u00e1mparas de techo para cirug\u00eda y diagn\u00f3stico"},"content":{"rendered":"","protected":false},"excerpt":{"rendered":"<p>Solicite informaci\u00f3n sobre los modelos disponibles.<\/p>\n","protected":false},"featured_media":473,"template":"","meta":[],"_links":{"self":[{"href":"https:\/\/arenos.es\/index.php?rest_route=\/wp\/v2\/product\/472"}],"collection":[{"href":"https:\/\/arenos.es\/index.php?rest_route=\/wp\/v2\/product"}],"about":[{"href":"https:\/\/arenos.es\/index.php?rest_route=\/wp\/v2\/types\/product"}],"wp:featuredmedia":[{"embeddable":true,"href":"https:\/\/arenos.es\/index.php?rest_route=\/wp\/v2\/media\/473"}],"wp:attachment":[{"href":"https:\/\/arenos.es\/index.php?rest_route=%2Fwp%2Fv2%2Fmedia&parent=472"}],"curies":[{"name":"wp","href":"https:\/\/api.w.org\/{rel}","templated":true}]}}